is the value of -41 + 19 + -4 + 8?
-18
Evaluate (-32 - -3) + -57 + 72.
-14
What is -12 - (0 + (-15 - -7) - -8)?
-12
Evaluate (-9 - 0) + 26 + -77 + 83.
23
Evaluate (-12 - 19) + (13 - (-11 - -15)).
-22
Calculate -3 - (-9 + 10 + -11 - -18).
-11
What is -7 + (5 - 2) + (-2 + 10 - 1)?
3
What is the value of -22 + 25 - ((1 - 3) + 9) - -6?
2
Calculate 0 + -10 + 3 + -12 + 4 + 4.
-11
33 + -1 + (-4 - 21)
7
0 - ((-6 - -10) + -8 - -2 - -3)
-1
What is the value of (-17 - (24 + -34)) + 12?
5
What is the value of -7 + -2 + (-6 - (10 + -10 + 1))?
-16
What is (0 - 1 - -1) + 55 + -53 - 6?
-4
What is -13 - 3 - ((9 - (-12 + 10)) + -4)?
-23
What is the value of 13 + -1 + 3 + -17 + 14 + -2?
10
Calculate (-1 - (3 + -6)) + -9 - -6.
-1
Evaluate -11 + 0 + 7 - (2 - 1 - -1).
-6
Evaluate -12 - ((-6 - -1) + 6).
-13
(-4 - ((0 - 3) + -3 + 0)) + 7
9
What is -2 - (-8 + (3 - 11) + 8 - -11)?
-5
Calculate -4 + (0 - (8 + -17 + 4)).
1
Calculate -8 + (-5 - -17 - 4).
0
Calculate -6 + (10 - (11 + -3)) - -12.
8
0 + 6 + 50 + (-60 - -18)
14
Calculate 5 - (1 - -13) - -4.
-5
What is the value of 21 + -14 + 6 + -2 + 6?
17
What is -3 - -5 - (34 - 31 - (2 + 1))?
2
What is -714 + 712 + 7 + -2 + 2?
5
What is (4 - 26) + 46 - 17?
7
23 + -17 + (-2 - -3) - 4
3
What is (-3 - 30) + 19 + -17 + -1?
-32
What is the value of 29 + -81 + 48 + (17 - (-1 + 1))?
13
What is the value of (1 - -5) + (-58 - -55) - (8 + 0)?
-5
Evaluate (11 - (0 + 5)) + 60 + -48.
18
Calculate (9 - 6) + -7 - (-4 + -9 + -3).
12
Evaluate -5 + (5 - (0 - -1)) + (1 - 5).
-5
What is (-1 - 1) + -6 + 9 - (-2 - 4)?
7
Evaluate -35 - (-26 - (-27 + 15) - (-3 + 1)).
-23
Calculate -1 + -1 + -3 - (250 + -253).
-2
Calculate (-6 + -5 - -7) + 12 + (25 - 38).
-5
What is 36 + (-42 - -17) + (0 - 16)?
-5
Evaluate 0 - (-1 - -3) - (24 - (8 - -4)).
-14
What is the value of 8 + 1 + -22 + 8 + 1?
-4
What is -14 - ((-1 - 10) + (-25 - -15))?
7
Evaluate (1 - 12) + 13 + (31 - 59).
-26
Calculate -13 + (-9 - -15) + 1 + 8.
2
What is the value of (-38 - (17 + -116)) + -26?
35
Evaluate (7 - 3 - 0) + (-1 - 1) + -4.
-2
What is the value of (-22 - (-58 + 10)) + -25?
1
What is 0 - (16 - -4) - (12 + -19)?
-13
Calculate (1 - 86 - -77) + -2 + (-3 - 0).
-13
What is 3 - 6 - 10 - (94 + -106)?
-1
Evaluate (0 + 0 - 1) + 25 - (-983 - -992).
15
8 - (4 - (1 - (3 + -2)))
4
-3 + 2 - (18 + 12 + 2)
-33
1081 + -1073 + (31 - (-3 + -1 + 2))
41
Evaluate 8 - 3 - (2 + 5) - (6 + -29).
21
What is (31 - 76) + 33 + (-3 - -1 - 0)?
-14
What is -6 + 16 + -38 + 19?
-9
(6 - 26) + 2 - (3 - 55)
34
Calculate 47 - (20 - 10) - 10.
27
What is the value of 9 + ((11 - -1) + -5 - 9)?
7
What is -9 + (4 + -3 - -21) + -5?
8
What is -2 + -1 + 2 + (155 - 150) + -5?
-1
Calculate (3 - (-15 - -9)) + 9 + -3 + -1.
14
What is the value of 392 + -393 + (2 - 0) + (1 - 23)?
-21
What is -24 + 12 - (1 - 0)?
-13
1 - (10 + 17 + -18)
-8
Calculate (107 + -102 - (9 - 0)) + 7 + -15.
-12
(-15 - -32 - 24) + -10
-17
Calculate 0 + (9 - 26) + -4 + 51.
30
(1 - -5) + (2 + 30 - 35)
3
35 + -25 - (18 + 5)
-13
Calculate ((3 + 4 - 12) + 0 - -7) + -7.
-5
What is the value of (-33 - 4) + (46 - 47)?
-38
-1 + (-19 - -5) + (-27 - -34)
-8
Calculate 15 - ((-10 - -50) + -12).
-13
What is (-10 - -1) + (9 - 14)?
-14
-3 + -5 - (1 - -2 - (67 + -62))
-6
What is 1 - 5 - (-27 - -10 - -27)?
-14
What is -16 + -1 + -12 + (10 - 3)?
-22
Evaluate 10 + (-3 + 4 - (6 - -3)) - 13.
-11
36 + (31 - 51) + -1 + 4 + -2
17
What is 17 - ((-4 - -45) + -12)?
-12
Evaluate 8 + (5 - (-7 - -4) - 17).
-1
What is -9 - (3 + 0 + 3 - 9)?
-6
Evaluate (-36 - -33) + 3 + -5.
-5
Evaluate (184 - 170) + (-23 - -1).
-8
What is 1 - (5 + (1 - (8 + 3)) + -1)?
7
Evaluate 13 + (-2 + 3 - 11 - -8).
11
Evaluate -1 + 4 + (-1 - 1) + 9.
10
-5 + -4 + 6 + (-18 - -11) - 8
-18
768 + -732 - (-1 - -44)
-7
Evaluate -11 - (-37 + 81 + -29).
-26
-11 + 32 - 13 - 6
2
What is 21 + -3 + 3 + -7?
14
Calculate (-191 + 179 - (-24 + -2)) + 1 + -5.
10
(2 - -20) + -21 + 0 + -12
-11
Evaluate 12 + (2 - 18) + -15.
-19
What is the value of 2 + 6 - (-3 - (-13 + 22))?
20
What is 43 + (36 - (54 + 42))?
-17
Calculate 38 + (16 - (38 - 18)).
34
-14 - (3 - (-5 + 20))
-2
Calculate (4 - 8 - 2) + 0 - (-2 - 4).
0
Evaluate (-1 - 22) + 478 + -477.
-22
What is the value of -3 - (7 - (-22 - -25))?
-7
What is 7 + -3 + (21 - 17) - -4?
12
What is the value of 2 + (-2 - (1 + -4 - -5)) + -1?
-3
What is 25 - ((22 - 26) + -11)?
40
Calculate 7 + -6 + -3 + 10 + (-13 - -2).
-3
Evaluate 10 + 3 + -9 + 4.
8
What is -61 + 69 - ((1 - -10) + -2)?
-1
Evaluate -4 + -7 + (-3 - -5) + 32 - -2.
25
2 + (1 - 34) + -7 + 4 + 12
-22
Calculate (-25 - (-11 + 4)) + 17.
-1
What is the value of 3 - (12 + (-12 - 6) - -4)?
5
What is 6 - (-1 - 4 - (-98 - -110))?
23
Calculate 3 + (-7 - -25 - 29).
-8
0 + (-14 + 1 - -10)
-3
Evaluate -8 + (7 - (17 - 30)).
12
What is 42 + -31 + (0 - (1 - -14))?
-4
What is the value of 20 + 13 - 76 - -24?
-19
Calculate 0 - (41 - (-41 - -69)).
-13
What is the value of 1 + -7 + (-22 - (27 - 42))?
-13
What is (4 - -1) + -6 + -12 + 20?
7
What is -4 + (-10 - (3 + 10)) + 10?
-17
Evaluate 5 - 29 - (20 - 33).
-11
-18 + -4 + -11 + (-6 - -27)
-12
What is the value of 17 + (-4 - 28) - (1 + 5)?
-21
Evaluate 11 + -25 + (2 - 3) - -46.
31
7 + -3 + -9 - -12
7
Calculate 1 - (-4 + -7 + 20).
-8
-13 - 4 - (21 - 45)
7
What is 3 - (0 + -2 + 2 - (-155 - -148))?
-4
Evaluate 11 - 3 - ((0 - -34) + (3 - 13)).
-16
What is 45 + -22 + -49 - -4?
-22
What is the value of 27 - 29 - -35 - (5 - -14)?
14
Evaluate (-3 - 20) + -4 - -10.
-17
What is the value of 21 - -7 - -2 - 9?
21
What is the value of 3 + 12 + -14 - -29?
30
Calculate 8 + -11 - (-3 - 2 - -2).
0
What is (-3 - (54 + -25)) + 43?
11
What is the value of (-14 + 27 - 2) + (-13 - -17)?
15
What is the value of 8 - 4 - (4 - (-3 + 1 - -2))?
0
Calculate (-4 - (11 - 6)) + 2 - 25.
-32
(-40 - 1) + -5 + 18 + -1
-29
21 + -17 + (2 - 1 - -1)
6
(-16 - 9) + 28 - (0 - (-4 + -1))
-2
(-1 + -3 - 4) + 2
-6
Evaluate (9 - (-4 + 13) - 7) + 4.
-3
What is the value of 14 + 3 + (3 - (-4 - -14))?
10
2 + -1 - (-1 - 7 - (6 - 10))
5
Calculate -5 + (1 - 1 - 3 - -2).
-6
What is the value of 9 + 16 + 5 + -50?
-20
Evaluate (18 - 7 - (1 + 0)) + 4 + 7.
21
3 + -13 - (-48 + 2 - (-4 - 13))
19
What is -1 + (-2 - (3 + -1)) + (-9 - -25)?
11
Calculate -19 + 7 + 60 + -25.
23
6 - (-25 + (-15 - (-11 + -12)))
23
What is the value of -26 + (-1 - -2) + 13?
-12
Evaluate -24 - (13 - (60 + -21)).
2
Evaluate (-80 - -134) + -25 + -10.
19
-4 + (-6 - (14 + -9 + 9))
-24
What is the value of -3 + -8 + 41 + -1 + -15?
14
Evaluate -123 - -124 - (4 - 0 - (5 - 6)).
-4
1 + (-14 - -1) - (39 + (41 - 74))
-18
What is the value of -23 + 21 + 9 + 3?
10
What is the value of -21 - (-13 - (-10 - -11))?
-7
Evaluate 10 - (20 + -14 + 8 + -9).
5
Evaluate (11 - 13) + (-5 - (-3 - 0)) - 5.
-9
What is the value of (9 + 11 - 27) + (-7 - -1)?
-13
What is the value of -1 + -7 + 0 + 4 - (23 - 24)?
-3
36 - (96 + -51) - (-13 + -1 + -1)
6
What is the value of 8 - ((4 - 0) + (87 - 63))?
-20
What is the value of 19 - ((3 - -13 - 16) + -2 + -1)?
22
Calculate 196 + -196 + (2 + -1 - (-3 + 0)).
4
Evaluate 0 + 4 - (0 - (3 - -6)).
13
What is -3 + 0 + -6 + 11 + -3 - -5?
4
What is the value of (-3 - -5) + (-73 - -66) - 17?
-22
What is -17 + (37 - 39) + 11 + -2?
-10
What is 9 - (5 + 23 + (6 - 15))?
-10
What is the value of -19 - (17 + (-63 - -12))?
15
What is the value of -45 - -44 - (0 - 3) - (20 + -3)?
-15
Evaluate (7 + -14 - -10) + -6 - (-5 + 14).
-12
What is the value of -1 + (-14 - (3 - 15)) + 14?
11
Evaluate (-9 - 0) + -88 + 135 - 13.
25
What is the value of 0 - (5 + 5 + -11 + 6 - 1)?
-4
-5 + (1 - -4 - 1) + 6 + -8
-3
What is the value of 3 - 7 - (59 - 83)?
20
Evaluate -2 + 3 - (51 - 51).
1
Evaluate -15 + -17 + 64 + -18.
14
What is the value of 5 + (-4 - (3 - 9))?
7
Evaluate -24 + 11 + 11 + -3 + 7 + 2.
4
Evaluate (-5 - -2) + 43 - (335 - 328).
33
Calculate -4 + 5 + 16 - 8.
9
Calculate 21 + (-4 - 0) + (-18 - -16).
15
Calculate 4 + 3 - (-4 - (-9 + -6)).
-4
Evaluate 17 + (-5 - 2) + -1 + -3.
6
Evaluate (-4 - -2) + 5 + (21 - 1 - 2).
21
What is the value of -6 + (-8 - (-3 - (7 - -9))) - 2?
3
What is the value of -14 - -2 - (-18 + (-28 - -27))?
7
Evaluate -1 + -4 + -1 + -12 + (-2 - -8).
-12
What is the value of 9 + -9 + 2 + -3?
-1
What is the value of (8 - 3 - 2) + 15?
18
What is the value of (3 - 2) + -27 + -25 + 32?
-19
